3*a - 1/12*a**4 - 5/2*a**2. Calculate r(-4).
-5
Let g(n) be the first derivative of n**6/360 - n**4/6 + n**3/3 + 1. Let j(u) be the third derivative of g(u). Let q be 6*12/(-18) - (-1 + 1). Determine j(q).
12
Let u be (-2)/(-6)*3 + (6 - 4). Let o(h) = 2 + 15*h**2 - 25*h**2 + h + 6*h**2. Let y(c) = 11*c**2 - 4*c - 5. Let s(n) = -8*o(n) - 3*y(n). Determine s(u).
2
Let p(n) = 17*n**2 - 17*n + 18*n - 16*n**2. Suppose 4*f - 1 = 3. Let d = -1 - f. What is p(d)?
2
Let f(t) = -t**2 + 2*t - 2. Suppose -13*q - 10 + 88 = 0. Determine f(q).
-26
Let y(k) = -1 + 8*k**3 + 21*k - 21*k**2 - k**2 - 7*k**3 + 0*k**2. Calculate y(21).
-1
Let v be (-3)/1*(-116)/174. Let t(g) = -g**3 + 2*g**2 - 3*g + 5. Calculate t(v).
-1
Let c(l) = l**3 + 11*l**2 - 12*l - 2. Let h = 224 - 236. Calculate c(h).
-2
Let c(a) = a**2 - 4*a - 3. Let y(r) = 2*r**2 - 8*r - 6. Let o = 1 + 1. Let b(l) = o*y(l) - 5*c(l). What is b(5)?
-2
Suppose -15 = -0*u + 3*u. Let l be 0 + 4*(-9)/(-12). Let s(f) = f**2 - 3 - 3*f - 5*f**2 + l*f**2 - f. Give s(u).
-8
Let y be 9/6*8/6. Suppose 0 = v - m - 9, -v - 4*m - 21 = -y*v. Let j(s) be the third derivative of -s**4/12 - 2*s**3/3 + 903*s**2. Calculate j(v).
-14
Let r(a) = a - 9. Let x be r(13). Suppose 3*k - 5 = 3*l + 1, -k - 1 = -x*l. Let f(h) = h**2 - 3*h. Give f(k).
0
Let s(l) = 3*l - 2*l + 2*l + 3 + 0*l. Suppose g = -3 - 1, 11 = -5*o + g. Give s(o).
-6
Let z = -10 - -16. Let k(t) = -3 - 8*t**2 + 4 - t - t**3 + 7*t**2 + 7*t**2. Calculate k(z).
-5
Let i(g) be the second derivative of -1/20*g**5 + 16*g + 0 - 4/3*g**3 + 2/3*g**4 + 3*g**2. Calculate i(7).
-1
Let g(y) = y. Let u(s) = 8*s - 1. Let d be u(1). Let m be -6 - 9/(4 - d). Let k = 8 + m. Give g(k).
5
Suppose -y + 10 - 4 = 0. Let q(o) = -4*o - 5. Calculate q(y).
-29
Let a = 237/490 - -4/245. Let r(t) be the first derivative of -1/3*t**3 + a*t**2 - 3*t + 1/4*t**4 + 10. Give r(0).
-3
Let k be 2/(-5) + 44/10. Let o = 0 + 0. Suppose 5 = k*r + 3*q, r + 2*q + 5 = -o*r. Let t(m) = -3*m + 6. Calculate t(r).
-9
Let i = 3 + -4. Let k(a) = -234*a + 1 - 218*a - 227*a - 233*a + 889*a. What is k(i)?
24
Let a(d) = -5*d**2 - 1603*d - d**3 + 11*d**2 + 1595*d + 7. Give a(5).
-8
Suppose 3*s - 18 = -3*b, -5*b = s - 0*s - 26. Let k(y) = -16*y**3 - 2*y + 10*y**3 - 2*y**2 - s + 9*y**3. Calculate k(-1).
-4
Let t = -86 - -89. Let x(q) = 7*q**2 - 13*q + 5. Let z(v) = -4*v**2 + 7*v - 3. Let p(d) = t*x(d) + 5*z(d). What is p(-4)?
32
Let j = -21 - -15. Let x(m) = -7*m - 1. Let c(f) = -13*f - 3. Let k(a) = -6*c(a) + 11*x(a). Give k(j).
1
Let l = 14 + 27. Let v(t) = 5*t**2 - t**2 + 44 - 4*t - l. What is v(2)?
11
Suppose 18*z + 76 = 76. Let a(n) = -n**3 - n**2 + n - 23. Calculate a(z).
-23
Let u(h) be the first derivative of 6*h**4 - h**2/2 + h + 526. Suppose v + 0*v = 4*i - 8, -i = 3*v + 11. What is u(i)?
24
Let r = -51 + 52. Let y(p) = -19*p**2 - 2*p - 2. Let s(w) = 36*w**2 + 4*w + 3. Let g(m) = 3*s(m) + 5*y(m). Determine g(r).
14
Let o(l) = -33*l**3 - 2*l - 1. Let t = -50 + 49. Give o(t).
34
Let p(i) = -i**3 + 6*i**2 + i - 3. Let o be p(6). Suppose -o*t = 6, -2*s - 70 = -6*s + t. Let x be s/34*0/(-1). Let l(v) = v**2 - v + 10. Calculate l(x).
10
Suppose 0 = c + 2*n + 8, 0 = -0*n + 4*n + 16. Let g(s) = -s + 0*s + s**2 + c*s. Suppose -2 = 2*b - 10. Determine g(b).
12
Let d(w) = w**2 - w + 2. Suppose 0 = 3*f - 15*f - 60. Determine d(f).
32
Let p be (1 + (-2)/6)*6. Let z be (-1 + p)/(6/(-4)). Let t(i) = 26*i - 1. Let a(r) = 5*r. Let u(x) = 11*a(x) - 2*t(x). Calculate u(z).
-4
Let n(j) = -j**2 + 12*j + 2. Let m(h) = h. Let t(w) = 6*m(w) - n(w). Let z be (-11)/(11/6)*-1. Give t(z).
-2
Let g = -15 - -18. Let z(p) = -6*p + 24*p - 16*p - g - 4. Determine z(5).
3
Let q(p) be the first derivative of -p**5/120 + p**4/3 + p**3/3 - 1. Let g(m) be the third derivative of q(m). Let c = -2606 + 2606. Give g(c).
8
Let h(r) = -5*r. Suppose 3*p - 9 + 3 = 0. Let f be -1*(4 - 0 - p). Give h(f).
10
Let w = 11 + -7. Suppose a + 5*d - 14 = 0, 3*a - w*d = -12 - 3. Let t(j) be the first derivative of 3*j**2 + 1. Determine t(a).
-6
Let w(c) = -c**2 - 3*c - 2. Suppose -l + 34 = -36. Let n = 329 - 295. Let o be 30/l - n/14. What is w(o)?
0
Let r = 4 + -2. Let d(j) be the first derivative of 3*j**2/2 - 3*j + 57. Determine d(r).
3
Let j(v) be the second derivative of -v**5/20 - 5*v**4/12 + 4*v**3/3 + 2*v**2 + 30*v. Let u = -3 + -3. Give j(u).
-8
Let i(n) be the second derivative of -n**5/20 - n**4/3 - n**3/2 + 3*n - 42. Determine i(-3).
0
Let d = -21 + 37. Let u(g) = 2 - d*g + 2 - 4. Suppose 39 - 42 = 3*p - 5*w, p - w + 1 = 0. What is u(p)?
16
Let g(r) be the second derivative of r**3/3 + r**2/2 - r. Suppose -32647*z = -32637*z - 10. What is g(z)?
3
Let p(x) = 8*x**2 - 6*x - 5. Let u(r) = 21*r**2 - 18*r - 16. Let a(z) = -8*p(z) + 3*u(z). Give a(-7).
-15
Suppose 12*i - 25 = -1. Let l(b) = -b + 1. Give l(i).
-1
Let n be (-13)/65 - ((-42)/10 + 0). Let w(l) be the third derivative of -l**5/60 + l**4/12 + 2*l**3/3 - 14*l**2. Determine w(n).
-4
Let k = -281 + 3373/12. Let c(m) be the third derivative of -2/3*m**3 - 3*m**2 + 0 + 0*m + k*m**4. Calculate c(4).
4
Suppose d = 6*d. Suppose -y = -d*y - 1. Let u(g) = -5*g - g + y - 4. Calculate u(-2).
9
Let a(n) = 2*n + 4. Let u(h) = 5. Let z(y) = -y + 21. Let q(w) = 9*u(w) - 2*z(w). Let g(s) = -6*a(s) + 5*q(s). Give g(-6).
3
Let w(a) = a**2 + 4*a + 1. Let f(q) = -14*q + 51. Let m be f(4). Determine w(m).
6
Let j(i) = -1 - 5 - 8 + i + 18. Let t(g) = 8*g**2 + g - 5. Let a be t(0). What is j(a)?
-1
Let n be 6/(-21) + 244/(-28). Let a = -12 - n. Let q(f) = -2 + 0*f**2 - 5*f + f - f**2 - f. What is q(a)?
4
Let m = 34 + 71. Let z(g) = -g - m + 98 + 0*g. Let q(u) = -u - 4. Let d(r) = -5*q(r) + 3*z(r). What is d(3)?
5
Let r(p) be the second derivative of p**5/4 + p**4/12 - p**3/6 + 49*p. Calculate r(1).
5
Let a(g) = -12*g + 7 + 3*g + 0*g**2 + 0*g**2 + g**2. Let v be 4 - (3/3*-3 - 0). Give a(v).
-7
Let b = -779 - -773. Let y(c) = c**3 + 6*c**2 - c + 7. Determine y(b).
13
Let r(c) = -c + 1. Let g(n) = n + 1. Let l(d) = 4*g(d) - r(d). Let p be ((11 - -7) + -20)/(1 + 3/(-9)). Determine l(p).
-12
Let m(d) = -3*d - 9. Let w = 836 - 846. Calculate m(w).
21
Let x(p) = -5*p. Suppose -29*s - 188 = -72. Calculate x(s).
20
Let a be (5/(0 - 5))/((-2)/(-12)). Let s be a - 0*2/12*3. Let q(w) = w**2 + 4*w - 8. Give q(s).
4
Suppose 0 = v + 8*v - 18. Let p(l) = 4*l**v - l - 83*l**3 + 84*l**3 - l**2 + 3 + 4*l. Calculate p(-3).
-6
Suppose r + 13 = -2*f - 2*f, -4*r = -3*f - 24. Let w = 6 - r. Let b(y) = -2*y**2 - 264*y - 2 + y**3 + 261*y + 1. Calculate b(w).
-1
Let n(h) be the second derivative of -h**6/90 + h**4/4 + 11*h. Let c(f) be the third derivative of n(f). Calculate c(-1).
8
Let w(q) = -q - 6. Let a(k) = -2*k. Let u(v) = v. Suppose -2*y - 12 = -5*y. Let x(i) = y*u(i) + a(i). Let f be x(3). Give w(f).
-12
Let o(j) be the third derivative of 1/24*j**4 + 1/6*j**3 - 4*j**2 + 0*j + 0 - 1/120*j**5. Let n(g) be the first derivative of o(g). What is n(6)?
-5
Let j = 107 - 105. Let b(w) = -5*w**2 + 2*w + 2. Give b(j).
-14
Let q(z) be the first derivative of -z**7/840 - z**6/40 - z**5/40 - z**4/2 + 2*z**3/3 - 7*z**2 + 22. Let r(y) be the third derivative of q(y). Give r(-9).
15
Let k = -601 - -605. Let x(i) be the third derivative of -i**2 + 0*i - i**3 - 1/120*i**6 - 1/12*i**5 + 0 + 1/24*i**k. What is x(-5)?
-11
Let m(j) be the second derivative of j**4/12 + 3*j**3 - 6*j**2 - 2*j - 85. What is m(-18)?
-12
Let m = -6 - -8. Suppose 0 = 5*o - 25, m*o - 45 = -2*a + 7*a. Let t(x) = -x**2 - 7*x - 4. Calculate t(a).
-4
Let h be 7/2*244/(-427). Let q(b) = b**3 + b**2 + 2. Give q(h).
-2
Let q(w) = w**2 + 6*w + 5. Let l = -227 + 233. Suppose 4*b = -s + b - 8, -3*b - 6 = 3*s. Let y be s/l - 124/24. What is q(y)?
0
Let x(z) = -z**2 - 5*z + 8. Suppose -11*w - 6 = -10*w. Let o be x(w). Let f(a) = 11*a**2 - o + a - 3*a**3 - 10*a**2 + 7 + 4*a**3. Give f(0).
5
Suppose 3*f + 10*c - 13*c - 18 = 0, 3*f - 36 = -3*c. Let k(p) = -p + 6. What is k(f)?
-3
Let j(l) = 2*l**2 - 12*l - 8. Let i(r) = -5*r**2 + 34*r + 20. Let m(x) = 4*i(x) + 11*j(x). Calculate m(-5).
22
Let n(s) be the first derivative of -6 + s + 1/2*s**2. Let z(y) = y**3 - 6*y**2 - 2*y - 8. Let f(w) = 2*n(w) + z(w). Determine f(6).
-6
Let q(m) = 3*m**2 + 2. Let n(j) = -j**2. Let c(l) = 4*n(l) + q(l). Calculat